rue
Let j = 463 - 458. Suppose f = 0, 15*w + 6254 = 17*w - j*f. Is w composite?
True
Let i(t) = 3*t**2 - 15*t + 2. Let s be 2/(54/(-15) - -4). Let v be i(s). Suppose -v*d - 7 = -33. Is d composite?
False
Suppose -31 = -q - 28. Is ((-18)/(-36))/(-4*q/(-121848)) prime?
True
Suppose -5*s = -6 - 14. Let w be 3/(s - (-26)/(-8)). Is 2*(-4875)/(-18) + w/(-6) a prime number?
True
Suppose 2*g - 12 + 0 = -3*p, 5*p + 8 = -g. Let d be 3/((-63)/g) + 54/21. Suppose -d*a + 873 = 7*a. Is a a composite number?
False
Suppose 9*g - 1082547 = 1798740. Is g composite?
False
Suppose -3*z - 3*y = -0*z - 271530, 1357663 = 15*z + 2*y. Is z prime?
True
Is 176/(-44) + ((-2398131)/(-21) - 2/(-7)) prime?
True
Let y = 26425 + -12452. Is y prime?
False
Suppose -378 = 6*l - 0*l. Let m = l - -60. Is (-8 - m) + 840/5 prime?
True
Suppose 28*g - 31*g + 53678 = 5*z, -2*g + z + 35755 = 0. Is g a composite number?
False
Let q(i) = 25 + 18 - 666*i - 69 + 9. Is q(-4) prime?
True
Suppose 20773*a - 20784*a + 1590193 = 0. Is a a composite number?
False
Let l(d) be the first derivative of 71*d**4/4 - 7*d**2/2 + 18*d + 9. Is l(4) a composite number?
True
Let c be (3 - (-117)/(-21))*-7*1. Suppose -c = -15*k + 12*k. Let y(o) = 124*o - 5. Is y(k) prime?
True
Let l = 741125 + -509122. Is l composite?
False
Let s = 24663 + -9050. Is s prime?
False
Let p = 14 - -44. Suppose -66*f + 9176 = -p*f. Is f a prime number?
False
Suppose 50*n = 120685 + 1189265. Let b = n - 17536. Is b composite?
False
Let n be (247728/(-32))/(4/(-8)). Let s = -3206 + n. Is s a prime number?
True
Suppose 4*z - 285 = -265. Suppose 0 = -4*q + z*q - 1543. Is q prime?
True
Let z = 50 + -44. Suppose -y - 138 = z. Let c = -41 - y. Is c a prime number?
True
Suppose -2*o + 5281612 = -2*l, 0 = 7*o - 2*o + 4*l - 13204075. Is o a composite number?
True
Let p(s) be the second derivative of -7*s**4/6 + s**3/3 - 9*s**2/2 + 32*s. Let t be p(13). Is t/18*(-2)/3 a prime number?
False
Suppose -15*b + 79560 = -30*b. Let u = -911 - b. Is u a prime number?
False
Suppose 0 = -k - 35 + 30. Let t(l) = -231*l + 34. Let r be t(k). Let v = r - 606. Is v a composite number?
True
Let z = -70 + 68. Let l be (49080/(-25))/6 - z/10. Is 4/(24/l)*-10 a composite number?
True
Let i(u) be the third derivative of -u**6/120 - u**5/3 - 11*u**4/24 - 3*u**3/2 + 85*u**2. Let h be (-116)/6 + 18/(-27). Is i(h) composite?
False
Suppose -4*b + 22*y - 27*y + 2787182 = 0, 3*y = 6. Is b a composite number?
False
Let t(w) = 19*w**2 + 6*w - 7. Let x be t(1). Let v = x - 15. Suppose 6*a - 5*n = 4*a + 506, 5*a = v*n + 1265. Is a a prime number?
False
Let b(k) be the second derivative of 7*k**4/6 + 17*k**3/3 - k**2 + 42*k. Is b(-19) composite?
True
Suppose 4*w + 103 = 143. Is (-48)/(-240) - (-14018)/w a prime number?
False
Suppose -2*p - 142 + 28 = 0. Let x = 59 + p. Suppose 0 = -5*a, x*m - 2*a = 3*m - 14. Is m a composite number?
True
Let z(g) = 6*g**2 + 36*g + 2. Let s be z(-6). Suppose 4*f = 4*p + 52136, -3*p - 4628 = -s*f + 21441. Is f a composite number?
False
Suppose -109*b + 385192 = 107*b - 208*b. Is b a composite number?
True
Suppose 4*q + 5 = -q, 2*q = -2*g + 2. Suppose -o - g*v = 3, 2*o + 9 = 3*o - 2*v. Is (-7180)/(-16) + o/12 composite?
False
Suppose -256*y + 12*y + 30042308 - 11022264 = 0. Is y a prime number?
True
Suppose -2*x = 5*a - 16, -7*x + 4 = -3*x - 4*a. Let p be 30/(-9) + 1/x + 106. Let v = p - -388. Is v a prime number?
True
Suppose 254*d - 249631 = 147*d. Is d a prime number?
True
Let y(n) = 3101*n**2 + 11*n + 8. Let w be y(-1). Suppose 2*o - 4*d - w = 0, 2*o + 2*d - 1212 = 1868. Is o prime?
True
Let t(x) = 17*x - 3 - 36*x + 22*x + 2*x**2. Let b be t(1). Suppose b*d = 83 + 23. Is d a composite number?
False
Let o = 105 - 105. Let q be o/(20/10*2/(-4)). Suppose q = 2*a - 34 - 136. Is a composite?
True
Let l = -95 + 97. Let o(z) = 0 + 0*z + 4*z**l - 13 - 16*z. Is o(17) a composite number?
True
Let m be 3577/294 - (1/6 + -1). Let b(y) = 95*y**2 - 25*y + 37. Is b(m) a composite number?
False
Let r be (14 - 8 - 4)/((-2)/(-3)). Suppose r*p + 0*j - 5343 = 3*j, -2*j + 3546 = 2*p. Is p prime?
True
Let m be 9099/(-2) + (-1 - (-5)/2). Let k = m + 11785. Is k composite?
False
Suppose -14 = 3*j - 4*n + 42, 8 = j + 4*n. Let y be -9 - j - 1/1. Is (-53 + y)/((-3)/2) a composite number?
True
Let v = -43332 + 95035. Is v a prime number?
False
Suppose 6*u + 130118 = -10906. Let c = u - -47945. Is c a prime number?
False
Let r(t) = 5*t**3 - 9*t**2 - 60*t + 267. Is r(14) a composite number?
False
Suppose -289*l - 280788 = -293*l. Is l a prime number?
False
Let l(b) = b + 3. Suppose 4*c = 3*g - 4*g + 5, 2*g - 10 = c. Let y be l(c). Suppose -5*o + 5*n = -11005, o + y*n = 2*n + 2205. Is o a prime number?
True
Let z be 260/45 + -6 - (-53007)/27. Suppose 3*s = 5*t - 1754 - 598, -t - 5*s = -448. Suppose k = -2*g + z - t, -4*k - 2*g = -5992. Is k prime?
True
Suppose 12*n - 7*n = -2*q + 7, 0 = 4*q + n - 23. Suppose -3*l = q, -3*c - 579 + 3278 = 2*l. Is c a composite number?
True
Suppose 53415440 + 147828069 - 33496174 = 245*b. Is b a composite number?
False
Let t = 20123 - 802. Suppose -2*w = w + 3, 4*n + 3*w = t. Is n a prime number?
True
Suppose 0 = -6*p + 4*p + 9798. Let i = p - 3188. Is i prime?
False
Suppose x = 6*x - 240. Let s = -46 + x. Suppose s*d + 2524 = 4*c - d, -c - 2*d + 631 = 0. Is c composite?
False
Let q = 337052 - -575595. Is q composite?
False
Let d = 60 + -53. Let t(w) = -d*w - 1 + 217*w**2 + 14*w + 6. Is t(-4) composite?
False
Suppose 390*a = 379*a + 27097301. Is a a prime number?
False
Let c be (-5585)/9*3 - 2/6. Let u = 5695 + c. Is u prime?
True
Let r(j) = -2*j**3 - 5*j**2 + 6*j + 17. Let x be r(-4). Suppose 6*t - x = -23. Suppose 5*u + 2906 = t*i, -i - 5*u = 153 - 1115. Is i a prime number?
True
Suppose -65*y = 176*y - 103724713. Is y a prime number?
True
Suppose -3*k + 30535 = 8644. Suppose 5*s - k = 1098. Is s a prime number?
False
Let v = 11201 - 7492. Is v a composite number?
False
Suppose 1038*c = 972*c + 5090910. Is c a prime number?
False
Let o = 108572 - -311501. Is o composite?
False
Is -8 + 154871 - (-16)/2 prime?
True
Suppose 3*l - 5*l = -5*k - 24027, -5*k = -3*l + 24023. Let n = 1420 - k. Is n a composite number?
True
Suppose 0 = -63*z - 20*z + 3858840 + 1666553. Is z composite?
False
Let s(a) = -4025*a + 1207. Is s(-20) prime?
True
Let u = 210936 - -16351. Is u composite?
True
Suppose 6*s - 8 - 10 = 0. Suppose 0*h - 2*h + s*b = -1537, 2*h - 1522 = -2*b. Suppose -h = -4*f + 1568. Is f composite?
True
Suppose 8*a - 5*a + 3*j - 56394 = 0, 0 = a - 5*j - 18792. Is a prime?
True
Suppose -53*y + 47*y - 84 = 0. Is 10546/3*(77/y - -7) prime?
True
Let b = -108 + 108. Suppose b = -2*v + 2*o + 694 + 4214, o - 4923 = -2*v. Is v composite?
False
Let v(s) = -4699*s + 628. Is v(-25) a prime number?
False
Let w be (1 - 14/(-4))*-1538. Let t = w - -13118. Is t a composite number?
False
Let o(j) = j**3 + 24*j**2 + 52*j + 113. Is o(24) a prime number?
True
Let b(z) = 15*z**3 + 6*z**2 - z + 47. Let r be b(9). Suppose -3*t = g - r, -5*g + 9*t + 57295 = 13*t. Is g a composite number?
True
Let j be (-25 - -23)*(-68 - (-2 - -1)). Is (-47100)/(-11) + 1 - j/(-737) prime?
True
Suppose 3*f - 262 = -f + 3*l, f - 5*l - 57 = 0. Suppose -4*v = -f + 55. Suppose v*z - 3701 + 289 = m, -z + 1135 = 2*m. Is z a composite number?
True
Let h = 152965 + 129880. Is h a prime number?
False
Let h be (-5 - -1)*((-18)/(-3) - 7). Is (55956/(-8))/((-6)/h) composite?
False
Let p = -9 - -22. Let x = p - 16. Is 2/3 - 283/x a prime number?
False
Suppose y + 4 = 2*y, 5*m = 5*y - 20. Let i be 1 + m + (-7 - 6444/(-4)). Suppose 3318 = 2*f + 5*h, -2*f + i = 2*h - 1725. Is f a prime number?
True
Let b = 53846 + -11649. Is b composite?
False
Let c be (-6 - -8)*86/4. Let r = 43 - c. Suppose -3*z = -r*z - 2361. Is z a prime number?
True
Suppose 7134767 = -69*r + 51283244. Is r a composite number?
False
Let y(c) = c**2 - 40*c + 304. Let p be y(10). Suppose i - 9*j = -14*j + 944, p*i + j = 3719. Is i a prime number?
True
Let w be (-12)/(-66) + ((-161472)/(-22))/2. Suppose -14*q = -19*q + w. Suppose g - 5*i = -0*g + q, -i = -2*g + 1477. Is g a prime number?
True
Is 13 + 33/(462/1431920) prime?
True
Let n(h) = 2*h + 67 - 80 + 0*h**2 + 3*h**2. Is n(16) prime?
True
Let v be -1 - ((-5 - -4) + -34). Let 